 the remainder when 426 is divided by 39?
36
What is the remainder when 170 is divided by 58?
54
What is the remainder when 375 is divided by 38?
33
Calculate the remainder when 506 is divided by 61.
18
Calculate the remainder when 20 is divided by 7.
6
Calculate the remainder when 2261 is divided by 78.
77
Calculate the remainder when 589 is divided by 80.
29
Calculate the remainder when 83 is divided by 7.
6
Calculate the remainder when 405 is divided by 83.
73
What is the remainder when 675 is divided by 216?
27
What is the remainder when 619 is divided by 12?
7
Calculate the remainder when 388 is divided by 69.
43
Calculate the remainder when 4484 is divided by 136.
132
What is the remainder when 342 is divided by 23?
20
Calculate the remainder when 2939 is divided by 21.
20
What is the remainder when 5479 is divided by 1826?
1
Calculate the remainder when 750 is divided by 372.
6
What is the remainder when 3245 is divided by 637?
60
What is the remainder when 226 is divided by 19?
17
Calculate the remainder when 1017 is divided by 145.
2
What is the remainder when 585 is divided by 287?
11
Calculate the remainder when 126 is divided by 27.
18
Calculate the remainder when 857 is divided by 141.
11
Calculate the remainder when 1328 is divided by 28.
12
What is the remainder when 1376 is divided by 4?
0
Calculate the remainder when 51 is divided by 13.
12
What is the remainder when 160 is divided by 27?
25
Calculate the remainder when 2019 is divided by 75.
69
Calculate the remainder when 138 is divided by 3.
0
Calculate the remainder when 349 is divided by 71.
65
Calculate the remainder when 66 is divided by 24.
18
What is the remainder when 3454 is divided by 36?
34
What is the remainder when 651 is divided by 38?
5
What is the remainder when 43 is divided by 35?
8
What is the remainder when 81 is divided by 23?
12
What is the remainder when 13845 is divided by 46?
45
What is the remainder when 1192 is divided by 596?
0
Calculate the remainder when 327 is divided by 84.
75
Calculate the remainder when 812 is divided by 24.
20
What is the remainder when 3453 is divided by 1726?
1
What is the remainder when 134 is divided by 35?
29
What is the remainder when 504 is divided by 57?
48
Calculate the remainder when 597 is divided by 162.
111
Calculate the remainder when 2742 is divided by 4.
2
Calculate the remainder when 181 is divided by 56.
13
What is the remainder when 250 is divided by 77?
19
What is the remainder when 559 is divided by 20?
19
Calculate the remainder when 897 is divided by 75.
72
Calculate the remainder when 230 is divided by 53.
18
What is the remainder when 275 is divided by 31?
27
What is the remainder when 1116 is divided by 227?
208
What is the remainder when 80 is divided by 37?
6
Calculate the remainder when 781 is divided by 772.
9
What is the remainder when 737 is divided by 18?
17
Calculate the remainder when 137 is divided by 102.
35
What is the remainder when 1005 is divided by 164?
21
Calculate the remainder when 2960 is divided by 12.
8
What is the remainder when 231 is divided by 58?
57
What is the remainder when 162 is divided by 28?
22
What is the remainder when 130 is divided by 47?
36
Calculate the remainder when 5401 is divided by 193.
190
What is the remainder when 276 is divided by 121?
34
Calculate the remainder when 325 is divided by 217.
108
What is the remainder when 47 is divided by 9?
2
Calculate the remainder when 162 is divided by 33.
30
What is the remainder when 331 is divided by 37?
35
Calculate the remainder when 4103 is divided by 24.
23
Calculate the remainder when 282 is divided by 37.
23
Calculate the remainder when 1376 is divided by 66.
56
What is the remainder when 4783 is divided by 228?
223
What is the remainder when 99 is divided by 17?
14
Calculate the remainder when 451 is divided by 41.
0
Calculate the remainder when 44 is divided by 24.
20
What is the remainder when 1004 is divided by 42?
38
What is the remainder when 118 is divided by 20?
18
Calculate the remainder when 324 is divided by 299.
25
Calculate the remainder when 188 is divided by 42.
20
What is the remainder when 649 is divided by 80?
9
Calculate the remainder when 51 is divided by 37.
14
What is the remainder when 977 is divided by 77?
53
What is the remainder when 307 is divided by 40?
27
What is the remainder when 1798 is divided by 200?
198
Calculate the remainder when 1364 is divided by 114.
110
Calculate the remainder when 2189 is divided by 74.
43
What is the remainder when 1401 is divided by 13?
10
Calculate the remainder when 3063 is divided by 99.
93
Calculate the remainder when 844 is divided by 42.
4
Calculate the remainder when 96 is divided by 49.
47
What is the remainder when 12 is divided by 4?
0
Calculate the remainder when 587 is divided by 59.
56
What is the remainder when 124 is divided by 45?
34
Calculate the remainder when 42 is divided by 11.
9
Calculate the remainder when 137 is divided by 96.
41
Calculate the remainder when 149 is divided by 19.
16
Calculate the remainder when 85 is divided by 76.
9
What is the remainder when 146 is divided by 59?
28
Calculate the remainder when 748 is divided by 47.
43
Calculate the remainder when 1703 is divided by 188.
11
Calculate the remainder when 19 is divided by 14.
5
Calculate the remainder when 172 is divided by 48.
28
Calculate the remainder when 75 is divided by 8.
3
Calculate the remainder when 50 is divided by 9.
5
What is the remainder when 20 is divided by 18?
2
Calculate the remainder when 225 is divided by 61.
42
What is the remainder when 307 is divided by 62?
59
Calculate the remainder when 101 is divided by 54.
47
What is the remainder when 1051 is divided by 62?
59
Calculate the remainder when 1852 is divided by 17.
16
Calculate the remainder when 891 is divided by 47.
45
Calculate the remainder when 637 is divided by 54.
43
What is the remainder when 284 is divided by 58?
52
What is the remainder when 210 is divided by 11?
1
What is the remainder when 132 is divided by 15?
12
What is the remainder when 52 is divided by 9?
7
What is the remainder when 189 is divided by 50?
39
What is the remainder when 12918 is divided by 4?
2
Calculate the remainder when 682 is divided by 135.
7
What is the remainder when 326 is divided by 136?
54
Calculate the remainder when 4 is divided by 1.
0
Calculate the remainder when 249 is divided by 26.
15
What is the remainder when 328 is divided by 44?
20
Calculate the remainder when 185 is divided by 11.
9
What is the remainder when 38879 is divided by 243?
242
What is the remainder when 64 is divided by 37?
27
Calculate the remainder when 47 is divided by 19.
9
What is the remainder when 333 is divided by 28?
25
Calculate the remainder when 296 is divided by 34.
24
Calculate the remainder when 750 is divided by 22.
2
What is the remainder when 922 is divided by 228?
10
What is the remainder when 1515 is divided by 473?
96
Calculate the remainder when 135 is divided by 117.
18
Calculate the remainder when 185 is divided by 152.
33
What is the remainder when 440 is divided by 12?
8
What is the remainder when 202 is divided by 38?
12
Calculate the remainder when 41 is divided by 4.
1
What is the remainder when 42 is divided by 11?
9
Calculate the remainder when 113 is divided by 53.
7
What is the remainder when 467 is divided by 110?
27
What is the remainder when 415 is divided by 151?
113
Calculate the remainder when 108 is divided by 2.
0
What is the remainder when 23 is divided by 9?
5
What is the remainder when 176 is divided by 20?
16
What is the remainder when 2557 is divided by 40?
37
Calculate the remainder when 719 is divided by 36.
35
What is the remainder when 725 is divided by 49?
39
Calculate the remainder when 2497 is divided by 20.
17
Calculate the remainder when 56 is divided by 31.
25
What is the remainder when 1098 is divided by 44?
42
What is the remainder when 218 is divided by 45?
38
Calculate the remainder when 1091 is divided by 86.
59
Calculate the remainder when 788 is divided by 756.
32
Calculate the remainder when 2539 is divided by 21.
19
Calculate the remainder when 19748 is divided by 29.
28
What is the remainder when 104 is divided by 12?
8
Calculate the remainder when 1